be g(4). Let b(c) = -c - 1. Let w(t) = -3*t + 4. Let k = -8 + 7. Let z(v) = k*w(v) - 3*b(v). Give z(u).
-7
Let w(a) = 4*a**2 + a - 1. Suppose 1 + 31 = -2*g. Let c be 6/(-4)*g/12. Calculate w(c).
17
Let c(b) = b**3 + 4*b**2 + 1. Let t be (4/3)/((-2)/(-3)). Let q(p) = -p + p + 0*p - p**t. Let y be q(-2). Determine c(y).
1
Let u(d) = d**3 + 14*d**2 + 12*d + 11. Let h be u(-13). Suppose 11 = 7*x - h. Let g(z) = -z**2 + 6*z - 1. Give g(x).
4
Let s(z) = z**3 - 3 + z - 2*z**2 + 0*z**2 + z**2. Let i(y) = -y**2 + 4*y + 7. Let p be i(3). Suppose -3*v + p = -0*v + 5*d, -v + 3*d = 6. Give s(v).
-3
Let o = -74 + 70. Let j be 14/2 + (6 - 10)/o. Let n(x) = 3*x**2 - 9*x + 4 - 2*x**2 + 6. What is n(j)?
2
Let p be 6*(-15)/20 - (-2)/4. Let k be 1/(-4) + (-33)/p + -2. Let c(a) = a**2 - 7*a - 3. Give c(k).
-9
Let n(g) = -4*g - 119 + 34 + 29 + 28 + 32. Determine n(3).
-8
Let f(g) = -9*g + 1. Suppose 6*q + 3 = 27. Let a be 3/9*(q + -7). Give f(a).
10
Suppose 0 = -h - 41 + 27. Let d(c) = c**3 + 15*c**2 + 16*c + 9. Calculate d(h).
-19
Let p(i) = i - 1. Suppose 14 = -o + 3*o + 4*c, -2*o - 31 = -5*c. What is p(o)?
-4
Suppose 4*d = -d + 2*t + 12, 2*d - 8 = 4*t. Let a(u) = -2*u**3 + 83 + 4*u**2 + 3*u - u**2 - 80 - 5*u. Calculate a(d).
-5
Let w(v) = -v - 23. Suppose 91 = -27*f - 152. What is w(f)?
-14
Suppose 4*p - 15 = z, -5*p + 454*z - 455*z + 12 = 0. Let w(o) be the second derivative of 5/2*o**2 - 5*o + 1/6*o**p + 0. Calculate w(-8).
-3
Let g(k) = 8 + 2*k + 10 + 19 + 4*k - 44 + 3*k**2. Give g(-5).
38
Let w(x) = -x**2 + 14*x - 15. Suppose -s - 2*i + 9 = 0, -4*s + 41 = -s - i. Calculate w(s).
-2
Let c(p) = 7*p**3 - p**2. Let u be c(1). Let x(g) = -g**2 + 8 - 6*g - g + 7*g + 3*g. Determine x(u).
-10
Let u(a) = 110*a**2 - 18*a + 21. Let f(o) = 26*o**2 - 4*o + 5. Let r(s) = -17*f(s) + 4*u(s). Let w(t) = -t**2 + 5*t - 3. Let g be w(5). Give r(g).
-7
Suppose 17 = 3*a + 2*q, -2*a - 5*q + 26 = -0*a. Let s(z) = 23 - 12*z**a - 24 + 2*z**3. Calculate s(-1).
9
Let n(d) = 17*d + 208. Let m be n(-12). Let i(l) be the third derivative of 1/24*l**4 + 0*l - 1/2*l**3 - m*l**2 + 0. Calculate i(-4).
-7
Let f(u) = 2*u**2 - 4*u - 1. Let m(a) = 9*a**2 - 17*a - 4. Let b(j) = 26*f(j) - 6*m(j). Suppose 64*i = 24*i - 80. What is b(i)?
-6
Let k(g) = -g + 3. Let x be k(0). Let l(y) = 2 + y**3 + 2 + 2*y - 2*y**x - 2*y**2 - 2. Suppose 0*w - 3*w - 9 = 0. Calculate l(w).
5
Let s be -3*(8/(-6) + (6 - 7)). Let m(u) = -u + 14. Determine m(s).
7
Let n(q) be the second derivative of -5*q**4/4 - q**3/6 + 119*q - 1. What is n(1)?
-16
Let i be ((-176)/14 + 12)*-14. Let x(z) be the first derivative of -i + 5*z - 5/3*z**3 + 1/4*z**4 + z**2. What is x(4)?
-3
Suppose 0 = -m - 2*h - 17, -4*h = -m - 7 + 20. Let g(u) = u + 10. Let n be g(m). Let l(v) = -v + 3*v**3 - 4*v**3 + 0*v**2 + 3*v**2 + 2*v + 1. Determine l(n).
4
Let k(a) = -a**2 - 11*a + 5. Let i be (-1)/((-5 + 2)/(-33)). Let h be k(i). Let u = 4 - h. Let x(r) = 6*r**3 - 1. Calculate x(u).
-7
Let q(v) = -19*v - 33. Let x(c) = c**3 + 7*c**2 + 19*c + 43. Let d be x(-5). Determine q(d).
5
Let g(z) = -14*z**2 + 17*z**2 - 6*z + 0*z**2 - z**2 + 4. Determine g(4).
12
Let f(a) be the first derivative of -4*a - 3*a**2 - 6 - 1/3*a**3. What is f(-5)?
1
Let c(d) = -6*d**2 - 2*d - 1. Suppose 4*i = 9 - 1. Suppose -7*u + 3*u = 3*a - 13, -u + i*a = 5. Let b be -2 + u + 0/(-15). Determine c(b).
-5
Let k(t) = 2*t**3 + 2*t + 198*t**2 - 397*t**2 - 4 + 197*t**2. What is k(2)?
8
Let g(j) be the second derivative of j**4/12 + 5*j**3/2 + 15*j**2/2 + 2*j - 3. What is g(-11)?
-29
Let x(c) = c**3 + 9*c**2 + 6. Let f be x(-9). Let p(b) = -b**3 + 5*b**2 + 5*b + 6. Calculate p(f).
0
Let m(h) = 7*h**3 - 15*h**2 + 17*h - 17. Let u(o) = 3 + 4*o**3 - 29 + 9*o + 10 + 7 - 8*o**2. Let k(a) = 3*m(a) - 5*u(a). What is k(4)?
2
Let l(v) = v - 5. Let o(c) = c - 4. Let z(p) = 3*l(p) - 2*o(p). What is z(5)?
-2
Let l(d) be the second derivative of 5*d**3/3 - d**2/2 + 4*d + 8. What is l(2)?
19
Let r(v) = -v**3 - v**2 - 4*v - 5. Let i be 128/(-288) + 28/(-18). Determine r(i).
7
Let t(z) = -2*z - 1. Let p(u) = -1. Let y(f) = 3*p(f) - t(f). What is y(-4)?
-10
Let p(r) = -3*r - 2. Let n(c) = -c**2 - 13*c - 3. Let f(q) = q**2 + 9*q + 5. Let l be f(-6). Let v be n(l). What is p(v)?
7
Let o(n) = -13*n**2 + n + 23. Let v(f) = -11*f**2 + 22. Let s(h) = 5*o(h) - 6*v(h). Determine s(-7).
-3
Let r(l) = -l**3 - 9*l**2 - 13*l + 5. Suppose -4*x = 4*a + 18 + 10, 2*a + 7 = -x. Calculate r(x).
-2
Suppose 0 = 5*t - 4*t + 2. Let q be (t/(-4))/((-4)/8). Let b(a) = -a**2 - 2*a - 1. What is b(q)?
0
Let h(d) = -5*d + 4 + 5 + 2*d. Let i(r) = 5*r + 670 - 683 - r. Let w(l) = -7*h(l) - 5*i(l). Give w(5).
7
Suppose 0 = 27*q + 7 + 236. Let y(x) = x**3 + 10*x**2 + 8*x. Give y(q).
9
Let j(n) = -2*n**3 + 2*n**2 + n. Let l be j(-1). Let a(d) be the second derivative of 3*d + 10 + 1/2*d**2 + 1/20*d**5 + 1/2*d**3 - 1/3*d**4. Determine a(l).
1
Let h(p) be the third derivative of -p**6/120 + p**4/8 - p**3 + 82*p**2 - p. What is h(0)?
-6
Let f(r) = -17*r**3 + 13*r**2 - r + 3. Let l(x) = 37*x**3 - 27*x**2 + 3*x - 6. Let u(n) = 13*f(n) + 6*l(n). Calculate u(-7).
-32
Let y(a) = -144*a - 11. Let z(c) = -61*c - 5. Let q(j) = -6*y(j) + 13*z(j). What is q(1)?
72
Let n(b) = -17*b - 22. Let l(p) = -22*p - 24. Let g(m) = 4*l(m) - 5*n(m). Determine g(6).
-4
Let a be -2 + 1 - (2 - 10). Let h(w) be the third derivative of w**5/60 - w**4/4 + 104*w**2 + 5. Determine h(a).
7
Let q(s) = -4*s - 7. Let r(c) = -5*c - 6. Let y(k) = -3*q(k) + 2*r(k). What is y(7)?
23
Let x(c) = -4*c**2 - 28*c - 17. Let w be x(-6). Let s(n) = -3*n + 16. Calculate s(w).
-5
Suppose 0 = -4*q - 4*q + 32. Suppose 0 = -q*x + 5*z + 1 + 1, x + 2*z + 6 = 0. Let j(b) = b**3 - 3*b - 2. Determine j(x).
-4
Let r(q) = -32*q + 19 - 39*q + 60*q + q**2. Determine r(13).
45
Suppose 2*d - 14 = -4*s, s - 3*s = 3*d - 5. Suppose 5*l = -s*z + 18, 2*z - 8 = -2*z. Let v(r) = -2*r**l + 0*r**2 + 2*r**2 - r**2 - 2*r + 4. Determine v(-4).
-4
Let m = -93 - -96. Let f(n) = 5*n**3 + 11*n**2 + 4*n - 13. Let r(c) = 4*c**3 + 10*c**2 + 4*c - 11. Let w(a) = m*f(a) - 4*r(a). Calculate w(-5).
-25
Let h = -12 + 13. Let v(j) = -9*j**2 + j + 4*j - 6*j + 1. What is v(h)?
-9
Let k(s) = -s**3 + 6*s**2 - 5*s - 2. Suppose -11 = a - 2*a. Let x = 7 - a. Let c be x/(-24) - (-58)/12. Give k(c).
-2
Let g(a) be the second derivative of -a**4/12 + a**3 + a**2 - 44*a. Calculate g(7).
-5
Suppose -8*y = 516 - 460. Let l(a) = a**2 + 4*a - 10. What is l(y)?
11
Let i(c) = c + 1. Let z be 1*(0 + (0 - 0))*1. Suppose 0 = -s - z*s + 5. Determine i(s).
6
Let f(m) = m**3 - 3*m + 1. Suppose -19 = -4*a + 81. Suppose 0 = -g + 4*n + 6, 3*g + 3*n - a = 8. Let z(u) = -u + 12. Let k be z(g). What is f(k)?
3
Suppose 0 = 3*o + 4*r - 28 - 10, -75 = -5*o + 5*r. Let w(a) = -2*a + 34. Determine w(o).
6
Let o(c) = -c - 4. Let s(l) = l**2 + 8*l + 12. Let b be s(-7). Suppose -4*q - 4 = b*j, 0*q - 2 = -q - 2*j. Determine o(q).
2
Let c(k) = -6*k + 4. Let b be c(3). Let o = b + 13. Let f(m) = -74*m + 131*m - 68*m. Calculate f(o).
11
Let s be (1 - -2)/((21/(-2))/(-7)). Let l(u) = 4*u - 7 - 2*u - u - s*u. What is l(-7)?
0
Let v(q) = -q + 1. Let k(l) = -l**2 + 2*l + 2. Let x(b) = -k(b) + 2*v(b). Let n be 1*(-5)/50 - (-287)/70. Give x(n).
0
Suppose -4*x = 2*x - 18. Suppose 0 = 2*r + b - x*b + 6, -3*r - 1 = b. Let t(j) = 25*j - 1. What is t(r)?
-26
Suppose -19 = -2*c - 3*y + 7, -2*c = -4*y - 40. Let w(h) = -c*h**2 + 1 + 29*h**2 + 5*h - 12*h**2 - h. Determine w(-4).
1
Let d(x) be the third derivative of -x**6/120 - 11*x**5/60 + 7*x**4/12 + 7*x**3/3 - 118*x**2. What is d(-12)?
-10
Let j(k) = k**3 + 3*k**2 - 11*k - 3. Let n = -513 + 508. Determine j(n).
2
Let y(w) = 21 + 8*w + 2*w - 9 - 4*w + 0*w + w**2. What is y(-6)?
12
Let l(x) = 2*x - 1. Suppose 0 = -0*v - 2*v - 5*o + 54, -o = -v + 27. Let p = -23 + v. Determine l(p).
7
Suppose -6 = -2*p + 3*n, -p + 6 = p - 5*n. Suppose 3*c = -s - p + 13, 3*c - 26 = -5*s. Let m(h) = 2*h - 3. Calculate m(s).
5
Let z(c) = c**3 + 2*c**2 - 11*c - 14. Suppose -42*d - 120 = 48. Determine z(d).
-2
Let q(n) = 6*n**3 - n + 1. Let l(f) = -5*f**3 + f - 1. Let i(k) = -5*l(k) - 4*q(k). Suppose 4*r = 20, 3*w + 2*w - r = 5. Determine i(w).
7
Let u(m) = 4*m**2 + 4*m. Let q(b) = -b**2 - b. Let p(x) = -5*q(x) - u(x). Give p(-1).
0
Suppose 141*x = 168